{"id":3374,"date":"2024-11-22T14:11:20","date_gmt":"2024-11-22T14:11:20","guid":{"rendered":"https:\/\/ernmatbaa.com\/?page_id=3374"},"modified":"2024-12-06T13:06:36","modified_gmt":"2024-12-06T13:06:36","slug":"kase","status":"publish","type":"page","link":"https:\/\/ernmatbaa.com\/?page_id=3374","title":{"rendered":"Ka\u015fe"},"content":{"rendered":"\t\t<div data-elementor-type=\"wp-page\" data-elementor-id=\"3374\" class=\"elementor elementor-3374\">\n\t\t\t\t\n<div class=\"elementor-element elementor-element-2e810aa e-flex e-con-boxed e-con e-parent\" data-id=\"2e810aa\" data-element_type=\"container\" data-settings=\"{&quot;background_background&quot;:&quot;classic&quot;}\">\n\t\t\t\t\t<div class=\"e-con-inner\">\n\t\t\n\t\t<div class=\"elementor-element elementor-element-2b134d1 elementor-widget elementor-widget-frutinsectiontitle\" data-id=\"2b134d1\" data-element_type=\"widget\" data-widget_type=\"frutinsectiontitle.default\">\n\t\t\t\t<div class=\"elementor-widget-container\">\n\t\t\t\t\t<div class=\"title-area-wrap\">\n\t\t\t<div class=\"title-area \">\n\t\t\t\t\t\t\t\t<span class=\"sub-title \">\n\t\t\t\t\t<img decoding=\"async\" src=\"https:\/\/ernmatbaa.com\/wp-content\/uploads\/2024\/11\/ico1.png\" alt=\"ico1\"  \/>ERN Matbaa\t\t\t\t<\/span>\n\t\t\t\t\t\t\t\t<h2 class=\"sec-title\">Ka\u015fe \u00c7e\u015fitleri<\/h2>\t\t\t<\/div>\n\t\t<\/div>\n\t\t\n\n\t\t\t<\/div>\n\t\t\t\t<\/div>\n\t\t\t\t\t<\/div>\n\t\t\t\t<\/div>\n\t\t<div class=\"elementor-element elementor-element-9892715 e-flex e-con-boxed e-con e-parent\" data-id=\"9892715\" data-element_type=\"container\">\n\t\t\t\t\t<div class=\"e-con-inner\">\n\t\t<div class=\"elementor-element elementor-element-06bbe8c e-con-full e-flex e-con e-child\" data-id=\"06bbe8c\" data-element_type=\"container\">\n\t\t\t\t<div class=\"elementor-element elementor-element-2e2c4d6 elementor-widget elementor-widget-image\" data-id=\"2e2c4d6\" data-element_type=\"widget\" data-widget_type=\"image.default\">\n\t\t\t\t<div class=\"elementor-widget-container\">\n\t\t\t\t\t\t\t\t\t\t\t\t\t\t<a href=\"https:\/\/ernmatbaa.com\/wp-content\/uploads\/2024\/11\/pendik-kase-sitesi_kase-4311-1.jpg\" data-elementor-open-lightbox=\"yes\" data-elementor-lightbox-title=\"ERN Matbaa\" data-e-action-hash=\"#elementor-action%3Aaction%3Dlightbox%26settings%3DeyJpZCI6MzUxOSwidXJsIjoiaHR0cHM6XC9cL2Vybm1hdGJhYS5jb21cL3dwLWNvbnRlbnRcL3VwbG9hZHNcLzIwMjRcLzExXC9wZW5kaWsta2FzZS1zaXRlc2lfa2FzZS00MzExLTEuanBnIn0%3D\">\n\t\t\t\t\t\t\t<img fetchpriority=\"high\" decoding=\"async\" width=\"675\" height=\"507\" src=\"https:\/\/ernmatbaa.com\/wp-content\/uploads\/2024\/11\/pendik-kase-sitesi_kase-4311-1.jpg\" class=\"attachment-full size-full wp-image-3519\" alt=\"\" srcset=\"https:\/\/ernmatbaa.com\/wp-content\/uploads\/2024\/11\/pendik-kase-sitesi_kase-4311-1.jpg 675w, https:\/\/ernmatbaa.com\/wp-content\/uploads\/2024\/11\/pendik-kase-sitesi_kase-4311-1-300x225.jpg 300w, https:\/\/ernmatbaa.com\/wp-content\/uploads\/2024\/11\/pendik-kase-sitesi_kase-4311-1-200x150.jpg 200w, https:\/\/ernmatbaa.com\/wp-content\/uploads\/2024\/11\/pendik-kase-sitesi_kase-4311-1-600x451.jpg 600w\" sizes=\"(max-width: 675px) 100vw, 675px\" \/>\t\t\t\t\t\t\t\t<\/a>\n\t\t\t\t\t\t\t\t\t\t\t\t\t<\/div>\n\t\t\t\t<\/div>\n\t\t\t\t<div class=\"elementor-element elementor-element-fc8093a elementor-widget elementor-widget-heading\" data-id=\"fc8093a\" data-element_type=\"widget\" data-widget_type=\"heading.default\">\n\t\t\t\t<div class=\"elementor-widget-container\">\n\t\t\t<h6 class=\"elementor-heading-title elementor-size-default\">Otomatik Ka\u015feler<\/h6>\t\t<\/div>\n\t\t\t\t<\/div>\n\t\t\t\t<\/div>\n\t\t<div class=\"elementor-element elementor-element-c0dfb42 e-con-full e-flex e-con e-child\" data-id=\"c0dfb42\" data-element_type=\"container\">\n\t\t\t\t<div class=\"elementor-element elementor-element-3c240a0 elementor-widget elementor-widget-image\" data-id=\"3c240a0\" data-element_type=\"widget\" data-widget_type=\"image.default\">\n\t\t\t\t<div class=\"elementor-widget-container\">\n\t\t\t\t\t\t\t\t\t\t\t\t\t\t<a href=\"https:\/\/ernmatbaa.com\/wp-content\/uploads\/2024\/11\/pendik-kase-sitesi_yuvarlak-kase-rc14.jpg\" data-elementor-open-lightbox=\"yes\" data-elementor-lightbox-title=\"ERN Matbaa\" data-e-action-hash=\"#elementor-action%3Aaction%3Dlightbox%26settings%3DeyJpZCI6MzM4OSwidXJsIjoiaHR0cHM6XC9cL2Vybm1hdGJhYS5jb21cL3dwLWNvbnRlbnRcL3VwbG9hZHNcLzIwMjRcLzExXC9wZW5kaWsta2FzZS1zaXRlc2lfeXV2YXJsYWsta2FzZS1yYzE0LmpwZyJ9\">\n\t\t\t\t\t\t\t<img decoding=\"async\" width=\"675\" height=\"507\" src=\"https:\/\/ernmatbaa.com\/wp-content\/uploads\/2024\/11\/pendik-kase-sitesi_yuvarlak-kase-rc14.jpg\" class=\"attachment-full size-full wp-image-3389\" alt=\"\" srcset=\"https:\/\/ernmatbaa.com\/wp-content\/uploads\/2024\/11\/pendik-kase-sitesi_yuvarlak-kase-rc14.jpg 675w, https:\/\/ernmatbaa.com\/wp-content\/uploads\/2024\/11\/pendik-kase-sitesi_yuvarlak-kase-rc14-300x225.jpg 300w, https:\/\/ernmatbaa.com\/wp-content\/uploads\/2024\/11\/pendik-kase-sitesi_yuvarlak-kase-rc14-200x150.jpg 200w, https:\/\/ernmatbaa.com\/wp-content\/uploads\/2024\/11\/pendik-kase-sitesi_yuvarlak-kase-rc14-600x451.jpg 600w\" sizes=\"(max-width: 675px) 100vw, 675px\" \/>\t\t\t\t\t\t\t\t<\/a>\n\t\t\t\t\t\t\t\t\t\t\t\t\t<\/div>\n\t\t\t\t<\/div>\n\t\t\t\t<div class=\"elementor-element elementor-element-a3b7e4b elementor-widget elementor-widget-heading\" data-id=\"a3b7e4b\" data-element_type=\"widget\" data-widget_type=\"heading.default\">\n\t\t\t\t<div class=\"elementor-widget-container\">\n\t\t\t<h6 class=\"elementor-heading-title elementor-size-default\">Yuvarlak Ka\u015feler<\/h6>\t\t<\/div>\n\t\t\t\t<\/div>\n\t\t\t\t<\/div>\n\t\t<div class=\"elementor-element elementor-element-2c469d6 e-con-full e-flex e-con e-child\" data-id=\"2c469d6\" data-element_type=\"container\">\n\t\t\t\t<div class=\"elementor-element elementor-element-7309bff elementor-widget elementor-widget-image\" data-id=\"7309bff\" data-element_type=\"widget\" data-widget_type=\"image.default\">\n\t\t\t\t<div class=\"elementor-widget-container\">\n\t\t\t\t\t\t\t\t\t\t\t\t\t\t<a href=\"https:\/\/ernmatbaa.com\/wp-content\/uploads\/2024\/11\/pendik-kase-sitesi_tarih-kasesi-d53-28.jpg\" data-elementor-open-lightbox=\"yes\" data-elementor-lightbox-title=\"ERN Matbaa\" data-e-action-hash=\"#elementor-action%3Aaction%3Dlightbox%26settings%3DeyJpZCI6MzM4NiwidXJsIjoiaHR0cHM6XC9cL2Vybm1hdGJhYS5jb21cL3dwLWNvbnRlbnRcL3VwbG9hZHNcLzIwMjRcLzExXC9wZW5kaWsta2FzZS1zaXRlc2lfdGFyaWgta2FzZXNpLWQ1My0yOC5qcGcifQ%3D%3D\">\n\t\t\t\t\t\t\t<img decoding=\"async\" width=\"675\" height=\"507\" src=\"https:\/\/ernmatbaa.com\/wp-content\/uploads\/2024\/11\/pendik-kase-sitesi_tarih-kasesi-d53-28.jpg\" class=\"attachment-full size-full wp-image-3386\" alt=\"\" srcset=\"https:\/\/ernmatbaa.com\/wp-content\/uploads\/2024\/11\/pendik-kase-sitesi_tarih-kasesi-d53-28.jpg 675w, https:\/\/ernmatbaa.com\/wp-content\/uploads\/2024\/11\/pendik-kase-sitesi_tarih-kasesi-d53-28-300x225.jpg 300w, https:\/\/ernmatbaa.com\/wp-content\/uploads\/2024\/11\/pendik-kase-sitesi_tarih-kasesi-d53-28-200x150.jpg 200w, https:\/\/ernmatbaa.com\/wp-content\/uploads\/2024\/11\/pendik-kase-sitesi_tarih-kasesi-d53-28-600x451.jpg 600w\" sizes=\"(max-width: 675px) 100vw, 675px\" \/>\t\t\t\t\t\t\t\t<\/a>\n\t\t\t\t\t\t\t\t\t\t\t\t\t<\/div>\n\t\t\t\t<\/div>\n\t\t\t\t<div class=\"elementor-element elementor-element-64754e7 elementor-widget elementor-widget-heading\" data-id=\"64754e7\" data-element_type=\"widget\" data-widget_type=\"heading.default\">\n\t\t\t\t<div class=\"elementor-widget-container\">\n\t\t\t<h6 class=\"elementor-heading-title elementor-size-default\">Tarih Ka\u015feleri<\/h6>\t\t<\/div>\n\t\t\t\t<\/div>\n\t\t\t\t<\/div>\n\t\t<div class=\"elementor-element elementor-element-b8c25b5 e-con-full e-flex e-con e-child\" data-id=\"b8c25b5\" data-element_type=\"container\">\n\t\t\t\t<div class=\"elementor-element elementor-element-45e4853 elementor-widget elementor-widget-image\" data-id=\"45e4853\" data-element_type=\"widget\" data-widget_type=\"image.default\">\n\t\t\t\t<div class=\"elementor-widget-container\">\n\t\t\t\t\t\t\t\t\t\t\t\t\t\t<a href=\"https:\/\/ernmatbaa.com\/wp-content\/uploads\/2024\/11\/pendik-kase-sitesi_numarator-kasesi-n3050.jpg\" data-elementor-open-lightbox=\"yes\" data-elementor-lightbox-title=\"ERN Matbaa\" data-e-action-hash=\"#elementor-action%3Aaction%3Dlightbox%26settings%3DeyJpZCI6MzQ2OSwidXJsIjoiaHR0cHM6XC9cL2Vybm1hdGJhYS5jb21cL3dwLWNvbnRlbnRcL3VwbG9hZHNcLzIwMjRcLzExXC9wZW5kaWsta2FzZS1zaXRlc2lfbnVtYXJhdG9yLWthc2VzaS1uMzA1MC5qcGcifQ%3D%3D\">\n\t\t\t\t\t\t\t<img loading=\"lazy\" decoding=\"async\" width=\"675\" height=\"507\" src=\"https:\/\/ernmatbaa.com\/wp-content\/uploads\/2024\/11\/pendik-kase-sitesi_numarator-kasesi-n3050.jpg\" class=\"attachment-full size-full wp-image-3469\" alt=\"\" srcset=\"https:\/\/ernmatbaa.com\/wp-content\/uploads\/2024\/11\/pendik-kase-sitesi_numarator-kasesi-n3050.jpg 675w, https:\/\/ernmatbaa.com\/wp-content\/uploads\/2024\/11\/pendik-kase-sitesi_numarator-kasesi-n3050-300x225.jpg 300w, https:\/\/ernmatbaa.com\/wp-content\/uploads\/2024\/11\/pendik-kase-sitesi_numarator-kasesi-n3050-200x150.jpg 200w, https:\/\/ernmatbaa.com\/wp-content\/uploads\/2024\/11\/pendik-kase-sitesi_numarator-kasesi-n3050-600x451.jpg 600w\" sizes=\"(max-width: 675px) 100vw, 675px\" \/>\t\t\t\t\t\t\t\t<\/a>\n\t\t\t\t\t\t\t\t\t\t\t\t\t<\/div>\n\t\t\t\t<\/div>\n\t\t\t\t<div class=\"elementor-element elementor-element-ab55d4a elementor-widget elementor-widget-heading\" data-id=\"ab55d4a\" data-element_type=\"widget\" data-widget_type=\"heading.default\">\n\t\t\t\t<div class=\"elementor-widget-container\">\n\t\t\t<h6 class=\"elementor-heading-title elementor-size-default\">Numarat\u00f6r Ka\u015feler<\/h6>\t\t<\/div>\n\t\t\t\t<\/div>\n\t\t\t\t<\/div>\n\t\t\t\t\t<\/div>\n\t\t\t\t<\/div>\n\t\t<div class=\"elementor-element elementor-element-b090d61 e-flex e-con-boxed e-con e-parent\" data-id=\"b090d61\" data-element_type=\"container\">\n\t\t\t\t\t<div class=\"e-con-inner\">\n\t\t<div class=\"elementor-element elementor-element-3e6b1ae e-con-full e-flex e-con e-child\" data-id=\"3e6b1ae\" data-element_type=\"container\">\n\t\t\t\t<div class=\"elementor-element elementor-element-c566849 elementor-widget elementor-widget-image\" data-id=\"c566849\" data-element_type=\"widget\" data-widget_type=\"image.default\">\n\t\t\t\t<div class=\"elementor-widget-container\">\n\t\t\t\t\t\t\t\t\t\t\t\t\t\t<a href=\"https:\/\/ernmatbaa.com\/wp-content\/uploads\/2024\/11\/pendik-kase-sitesi_sapli-kase-no-1.jpg\" data-elementor-open-lightbox=\"yes\" data-elementor-lightbox-title=\"ERN Matbaa\" data-e-action-hash=\"#elementor-action%3Aaction%3Dlightbox%26settings%3DeyJpZCI6MzM5MiwidXJsIjoiaHR0cHM6XC9cL2Vybm1hdGJhYS5jb21cL3dwLWNvbnRlbnRcL3VwbG9hZHNcLzIwMjRcLzExXC9wZW5kaWsta2FzZS1zaXRlc2lfc2FwbGkta2FzZS1uby0xLmpwZyJ9\">\n\t\t\t\t\t\t\t<img loading=\"lazy\" decoding=\"async\" width=\"675\" height=\"507\" src=\"https:\/\/ernmatbaa.com\/wp-content\/uploads\/2024\/11\/pendik-kase-sitesi_sapli-kase-no-1.jpg\" class=\"attachment-full size-full wp-image-3392\" alt=\"\" srcset=\"https:\/\/ernmatbaa.com\/wp-content\/uploads\/2024\/11\/pendik-kase-sitesi_sapli-kase-no-1.jpg 675w, https:\/\/ernmatbaa.com\/wp-content\/uploads\/2024\/11\/pendik-kase-sitesi_sapli-kase-no-1-300x225.jpg 300w, https:\/\/ernmatbaa.com\/wp-content\/uploads\/2024\/11\/pendik-kase-sitesi_sapli-kase-no-1-200x150.jpg 200w, https:\/\/ernmatbaa.com\/wp-content\/uploads\/2024\/11\/pendik-kase-sitesi_sapli-kase-no-1-600x451.jpg 600w\" sizes=\"(max-width: 675px) 100vw, 675px\" \/>\t\t\t\t\t\t\t\t<\/a>\n\t\t\t\t\t\t\t\t\t\t\t\t\t<\/div>\n\t\t\t\t<\/div>\n\t\t\t\t<div class=\"elementor-element elementor-element-2fb1e3a elementor-widget elementor-widget-heading\" data-id=\"2fb1e3a\" data-element_type=\"widget\" data-widget_type=\"heading.default\">\n\t\t\t\t<div class=\"elementor-widget-container\">\n\t\t\t<h6 class=\"elementor-heading-title elementor-size-default\">Sapl\u0131 Ka\u015feler<\/h6>\t\t<\/div>\n\t\t\t\t<\/div>\n\t\t\t\t<\/div>\n\t\t<div class=\"elementor-element elementor-element-8725f6d e-con-full e-flex e-con e-child\" data-id=\"8725f6d\" data-element_type=\"container\">\n\t\t\t\t<div class=\"elementor-element elementor-element-e711d8f elementor-widget elementor-widget-image\" data-id=\"e711d8f\" data-element_type=\"widget\" data-widget_type=\"image.default\">\n\t\t\t\t<div class=\"elementor-widget-container\">\n\t\t\t\t\t\t\t\t\t\t\t\t\t\t<a href=\"https:\/\/ernmatbaa.com\/wp-content\/uploads\/2024\/11\/pendik-kase-sitesi_battal-boy-kase-7320.jpg\" data-elementor-open-lightbox=\"yes\" data-elementor-lightbox-title=\"ERN Matbaa\" data-e-action-hash=\"#elementor-action%3Aaction%3Dlightbox%26settings%3DeyJpZCI6MzQ3MCwidXJsIjoiaHR0cHM6XC9cL2Vybm1hdGJhYS5jb21cL3dwLWNvbnRlbnRcL3VwbG9hZHNcLzIwMjRcLzExXC9wZW5kaWsta2FzZS1zaXRlc2lfYmF0dGFsLWJveS1rYXNlLTczMjAuanBnIn0%3D\">\n\t\t\t\t\t\t\t<img loading=\"lazy\" decoding=\"async\" width=\"675\" height=\"507\" src=\"https:\/\/ernmatbaa.com\/wp-content\/uploads\/2024\/11\/pendik-kase-sitesi_battal-boy-kase-7320.jpg\" class=\"attachment-full size-full wp-image-3470\" alt=\"\" srcset=\"https:\/\/ernmatbaa.com\/wp-content\/uploads\/2024\/11\/pendik-kase-sitesi_battal-boy-kase-7320.jpg 675w, https:\/\/ernmatbaa.com\/wp-content\/uploads\/2024\/11\/pendik-kase-sitesi_battal-boy-kase-7320-300x225.jpg 300w, https:\/\/ernmatbaa.com\/wp-content\/uploads\/2024\/11\/pendik-kase-sitesi_battal-boy-kase-7320-200x150.jpg 200w, https:\/\/ernmatbaa.com\/wp-content\/uploads\/2024\/11\/pendik-kase-sitesi_battal-boy-kase-7320-600x451.jpg 600w\" sizes=\"(max-width: 675px) 100vw, 675px\" \/>\t\t\t\t\t\t\t\t<\/a>\n\t\t\t\t\t\t\t\t\t\t\t\t\t<\/div>\n\t\t\t\t<\/div>\n\t\t\t\t<div class=\"elementor-element elementor-element-e0b5dba elementor-widget elementor-widget-heading\" data-id=\"e0b5dba\" data-element_type=\"widget\" data-widget_type=\"heading.default\">\n\t\t\t\t<div class=\"elementor-widget-container\">\n\t\t\t<h6 class=\"elementor-heading-title elementor-size-default\">Battal Boy Ka\u015feler<\/h6>\t\t<\/div>\n\t\t\t\t<\/div>\n\t\t\t\t<\/div>\n\t\t<div class=\"elementor-element elementor-element-e3dfafc e-con-full e-flex e-con e-child\" data-id=\"e3dfafc\" data-element_type=\"container\">\n\t\t\t\t<\/div>\n\t\t<div class=\"elementor-element elementor-element-835ce74 e-con-full e-flex e-con e-child\" data-id=\"835ce74\" data-element_type=\"container\">\n\t\t\t\t<\/div>\n\t\t\t\t\t<\/div>\n\t\t\t\t<\/div>\n\t\t<div class=\"elementor-element elementor-element-97cb936 e-flex e-con-boxed e-con e-parent\" data-id=\"97cb936\" data-element_type=\"container\">\n\t\t\t\t\t<div class=\"e-con-inner\">\n\t\t\t\t<div class=\"elementor-element elementor-element-37f43cc elementor-widget elementor-widget-frutinbutton\" data-id=\"37f43cc\" data-element_type=\"widget\" data-widget_type=\"frutinbutton.default\">\n\t\t\t\t<div class=\"elementor-widget-container\">\n\t\t\t<div class=\"btn-wrapper\"><a class=\"th-btn \" href=\"https:\/\/pendikkase.com\/\" target=\"_blank\">T\u00fcm Ka\u015feler<i class=\"fas fa-chevrons-right\"><\/i><\/a><\/div>\t\t<\/div>\n\t\t\t\t<\/div>\n\t\t\t\t\t<\/div>\n\t\t\t\t<\/div>\n\t\t\t\t<\/div>\n\t\t","protected":false},"excerpt":{"rendered":"<p>ERN Matbaa Ka\u015fe \u00c7e\u015fitleri Otomatik Ka\u015feler Yuvarlak Ka\u015feler Tarih Ka\u015feleri Numarat\u00f6r Ka\u015feler Sapl\u0131 Ka\u015feler Battal Boy Ka\u015feler T\u00fcm Ka\u015feler<\/p>\n","protected":false},"author":1,"featured_media":0,"parent":0,"menu_order":0,"comment_status":"closed","ping_status":"closed","template":"template-builder.php","meta":{"footnotes":""},"class_list":["post-3374","page","type-page","status-publish","hentry"],"_links":{"self":[{"href":"https:\/\/ernmatbaa.com\/index.php?rest_route=\/wp\/v2\/pages\/3374","targetHints":{"allow":["GET"]}}],"collection":[{"href":"https:\/\/ernmatbaa.com\/index.php?rest_route=\/wp\/v2\/pages"}],"about":[{"href":"https:\/\/ernmatbaa.com\/index.php?rest_route=\/wp\/v2\/types\/page"}],"author":[{"embeddable":true,"href":"https:\/\/ernmatbaa.com\/index.php?rest_route=\/wp\/v2\/users\/1"}],"replies":[{"embeddable":true,"href":"https:\/\/ernmatbaa.com\/index.php?rest_route=%2Fwp%2Fv2%2Fcomments&post=3374"}],"version-history":[{"count":45,"href":"https:\/\/ernmatbaa.com\/index.php?rest_route=\/wp\/v2\/pages\/3374\/revisions"}],"predecessor-version":[{"id":3577,"href":"https:\/\/ernmatbaa.com\/index.php?rest_route=\/wp\/v2\/pages\/3374\/revisions\/3577"}],"wp:attachment":[{"href":"https:\/\/ernmatbaa.com\/index.php?rest_route=%2Fwp%2Fv2%2Fmedia&parent=3374"}],"curies":[{"name":"wp","href":"https:\/\/api.w.org\/{rel}","templated":true}]}}