{"id":3353,"date":"2024-11-14T07:53:35","date_gmt":"2024-11-14T07:53:35","guid":{"rendered":"https:\/\/ernmatbaa.com\/?page_id=3353"},"modified":"2024-11-26T12:39:45","modified_gmt":"2024-11-26T12:39:45","slug":"davetiye","status":"publish","type":"page","link":"https:\/\/ernmatbaa.com\/?page_id=3353","title":{"rendered":"Davetiye"},"content":{"rendered":"\t\t<div data-elementor-type=\"wp-page\" data-elementor-id=\"3353\" class=\"elementor elementor-3353\">\n\t\t\t\t\n<div class=\"elementor-element elementor-element-2e810aa e-flex e-con-boxed e-con e-parent\" data-id=\"2e810aa\" data-element_type=\"container\" data-settings=\"{&quot;background_background&quot;:&quot;classic&quot;}\">\n\t\t\t\t\t<div class=\"e-con-inner\">\n\t\t\n\t\t<div class=\"elementor-element elementor-element-2b134d1 elementor-widget elementor-widget-frutinsectiontitle\" data-id=\"2b134d1\" data-element_type=\"widget\" data-widget_type=\"frutinsectiontitle.default\">\n\t\t\t\t<div class=\"elementor-widget-container\">\n\t\t\t\t\t<div class=\"title-area-wrap\">\n\t\t\t<div class=\"title-area \">\n\t\t\t\t\t\t\t\t<span class=\"sub-title \">\n\t\t\t\t\t<img decoding=\"async\" src=\"https:\/\/ernmatbaa.com\/wp-content\/uploads\/2024\/11\/ico1.png\" alt=\"ico1\"  \/>ERN Matbaa\t\t\t\t<\/span>\n\t\t\t\t\t\t\t\t<h2 class=\"sec-title\">Davetiye<\/h2>\t\t\t<\/div>\n\t\t<\/div>\n\t\t\n\n\t\t\t<\/div>\n\t\t\t\t<\/div>\n\t\t\t\t\t<\/div>\n\t\t\t\t<\/div>\n\t\t<div class=\"elementor-element elementor-element-764cfd6 e-flex e-con-boxed e-con e-parent\" data-id=\"764cfd6\" data-element_type=\"container\">\n\t\t\t\t\t<div class=\"e-con-inner\">\n\t\t<div class=\"elementor-element elementor-element-542f13e e-con-full e-flex e-con e-child\" data-id=\"542f13e\" data-element_type=\"container\">\n\t\t\t\t<div class=\"elementor-element elementor-element-5ec58af elementor-widget elementor-widget-image\" data-id=\"5ec58af\" data-element_type=\"widget\" data-widget_type=\"image.default\">\n\t\t\t\t<div class=\"elementor-widget-container\">\n\t\t\t\t\t\t\t\t\t\t<figure class=\"wp-caption\">\n\t\t\t\t\t\t\t\t\t\t\t<a href=\"#\">\n\t\t\t\t\t\t\t<img fetchpriority=\"high\" decoding=\"async\" width=\"600\" height=\"631\" src=\"https:\/\/ernmatbaa.com\/wp-content\/uploads\/2024\/11\/ekonom.jpg\" class=\"attachment-full size-full wp-image-3490\" alt=\"\" srcset=\"https:\/\/ernmatbaa.com\/wp-content\/uploads\/2024\/11\/ekonom.jpg 600w, https:\/\/ernmatbaa.com\/wp-content\/uploads\/2024\/11\/ekonom-285x300.jpg 285w, https:\/\/ernmatbaa.com\/wp-content\/uploads\/2024\/11\/ekonom-200x210.jpg 200w, https:\/\/ernmatbaa.com\/wp-content\/uploads\/2024\/11\/ekonom-100x106.jpg 100w\" sizes=\"(max-width: 600px) 100vw, 600px\" \/>\t\t\t\t\t\t\t\t<\/a>\n\t\t\t\t\t\t\t\t\t\t\t<figcaption class=\"widget-image-caption wp-caption-text\"><\/figcaption>\n\t\t\t\t\t\t\t\t\t\t<\/figure>\n\t\t\t\t\t\t\t<\/div>\n\t\t\t\t<\/div>\n\t\t\t\t<div class=\"elementor-element elementor-element-84b4731 elementor-widget elementor-widget-heading\" data-id=\"84b4731\" data-element_type=\"widget\" data-widget_type=\"heading.default\">\n\t\t\t\t<div class=\"elementor-widget-container\">\n\t\t\t<h6 class=\"elementor-heading-title elementor-size-default\">Erdem Davetiye<\/h6>\t\t<\/div>\n\t\t\t\t<\/div>\n\t\t\t\t<\/div>\n\t\t<div class=\"elementor-element elementor-element-0b66bfa e-con-full e-flex e-con e-child\" data-id=\"0b66bfa\" data-element_type=\"container\">\n\t\t\t\t<div class=\"elementor-element elementor-element-e3bfff3 elementor-widget elementor-widget-image\" data-id=\"e3bfff3\" data-element_type=\"widget\" data-widget_type=\"image.default\">\n\t\t\t\t<div class=\"elementor-widget-container\">\n\t\t\t\t\t\t\t\t\t\t<figure class=\"wp-caption\">\n\t\t\t\t\t\t\t\t\t\t\t<a href=\"#\">\n\t\t\t\t\t\t\t<img fetchpriority=\"high\" decoding=\"async\" width=\"600\" height=\"631\" src=\"https:\/\/ernmatbaa.com\/wp-content\/uploads\/2024\/11\/ekonom.jpg\" class=\"attachment-full size-full wp-image-3490\" alt=\"\" srcset=\"https:\/\/ernmatbaa.com\/wp-content\/uploads\/2024\/11\/ekonom.jpg 600w, https:\/\/ernmatbaa.com\/wp-content\/uploads\/2024\/11\/ekonom-285x300.jpg 285w, https:\/\/ernmatbaa.com\/wp-content\/uploads\/2024\/11\/ekonom-200x210.jpg 200w, https:\/\/ernmatbaa.com\/wp-content\/uploads\/2024\/11\/ekonom-100x106.jpg 100w\" sizes=\"(max-width: 600px) 100vw, 600px\" \/>\t\t\t\t\t\t\t\t<\/a>\n\t\t\t\t\t\t\t\t\t\t\t<figcaption class=\"widget-image-caption wp-caption-text\"><\/figcaption>\n\t\t\t\t\t\t\t\t\t\t<\/figure>\n\t\t\t\t\t\t\t<\/div>\n\t\t\t\t<\/div>\n\t\t\t\t<div class=\"elementor-element elementor-element-e77c5b1 elementor-widget elementor-widget-heading\" data-id=\"e77c5b1\" data-element_type=\"widget\" data-widget_type=\"heading.default\">\n\t\t\t\t<div class=\"elementor-widget-container\">\n\t\t\t<h6 class=\"elementor-heading-title elementor-size-default\">Ekonom Davetiye<\/h6>\t\t<\/div>\n\t\t\t\t<\/div>\n\t\t\t\t<\/div>\n\t\t<div class=\"elementor-element elementor-element-1473812 e-con-full e-flex e-con e-child\" data-id=\"1473812\" data-element_type=\"container\">\n\t\t\t\t<div class=\"elementor-element elementor-element-830003e elementor-widget elementor-widget-image\" data-id=\"830003e\" data-element_type=\"widget\" data-widget_type=\"image.default\">\n\t\t\t\t<div class=\"elementor-widget-container\">\n\t\t\t\t\t\t\t\t\t\t<figure class=\"wp-caption\">\n\t\t\t\t\t\t\t\t\t\t\t<a href=\"#\">\n\t\t\t\t\t\t\t<img fetchpriority=\"high\" decoding=\"async\" width=\"600\" height=\"631\" src=\"https:\/\/ernmatbaa.com\/wp-content\/uploads\/2024\/11\/ekonom.jpg\" class=\"attachment-full size-full wp-image-3490\" alt=\"\" srcset=\"https:\/\/ernmatbaa.com\/wp-content\/uploads\/2024\/11\/ekonom.jpg 600w, https:\/\/ernmatbaa.com\/wp-content\/uploads\/2024\/11\/ekonom-285x300.jpg 285w, https:\/\/ernmatbaa.com\/wp-content\/uploads\/2024\/11\/ekonom-200x210.jpg 200w, https:\/\/ernmatbaa.com\/wp-content\/uploads\/2024\/11\/ekonom-100x106.jpg 100w\" sizes=\"(max-width: 600px) 100vw, 600px\" \/>\t\t\t\t\t\t\t\t<\/a>\n\t\t\t\t\t\t\t\t\t\t\t<figcaption class=\"widget-image-caption wp-caption-text\"><\/figcaption>\n\t\t\t\t\t\t\t\t\t\t<\/figure>\n\t\t\t\t\t\t\t<\/div>\n\t\t\t\t<\/div>\n\t\t\t\t<div class=\"elementor-element elementor-element-6b42c11 elementor-widget elementor-widget-heading\" data-id=\"6b42c11\" data-element_type=\"widget\" data-widget_type=\"heading.default\">\n\t\t\t\t<div class=\"elementor-widget-container\">\n\t\t\t<h6 class=\"elementor-heading-title elementor-size-default\">Erdem S\u00fcnnet<\/h6>\t\t<\/div>\n\t\t\t\t<\/div>\n\t\t\t\t<\/div>\n\t\t<div class=\"elementor-element elementor-element-756afbd e-con-full e-flex e-con e-child\" data-id=\"756afbd\" data-element_type=\"container\">\n\t\t\t\t<div class=\"elementor-element elementor-element-fdb9ac4 elementor-widget elementor-widget-image\" data-id=\"fdb9ac4\" data-element_type=\"widget\" data-widget_type=\"image.default\">\n\t\t\t\t<div class=\"elementor-widget-container\">\n\t\t\t\t\t\t\t\t\t\t<figure class=\"wp-caption\">\n\t\t\t\t\t\t\t\t\t\t\t<a href=\"#\">\n\t\t\t\t\t\t\t<img fetchpriority=\"high\" decoding=\"async\" width=\"600\" height=\"631\" src=\"https:\/\/ernmatbaa.com\/wp-content\/uploads\/2024\/11\/ekonom.jpg\" class=\"attachment-full size-full wp-image-3490\" alt=\"\" srcset=\"https:\/\/ernmatbaa.com\/wp-content\/uploads\/2024\/11\/ekonom.jpg 600w, https:\/\/ernmatbaa.com\/wp-content\/uploads\/2024\/11\/ekonom-285x300.jpg 285w, https:\/\/ernmatbaa.com\/wp-content\/uploads\/2024\/11\/ekonom-200x210.jpg 200w, https:\/\/ernmatbaa.com\/wp-content\/uploads\/2024\/11\/ekonom-100x106.jpg 100w\" sizes=\"(max-width: 600px) 100vw, 600px\" \/>\t\t\t\t\t\t\t\t<\/a>\n\t\t\t\t\t\t\t\t\t\t\t<figcaption class=\"widget-image-caption wp-caption-text\"><\/figcaption>\n\t\t\t\t\t\t\t\t\t\t<\/figure>\n\t\t\t\t\t\t\t<\/div>\n\t\t\t\t<\/div>\n\t\t\t\t<div class=\"elementor-element elementor-element-4d72e56 elementor-widget elementor-widget-heading\" data-id=\"4d72e56\" data-element_type=\"widget\" data-widget_type=\"heading.default\">\n\t\t\t\t<div class=\"elementor-widget-container\">\n\t\t\t<h6 class=\"elementor-heading-title elementor-size-default\">Polen Davetiye<\/h6>\t\t<\/div>\n\t\t\t\t<\/div>\n\t\t\t\t<\/div>\n\t\t\t\t\t<\/div>\n\t\t\t\t<\/div>\n\t\t<div class=\"elementor-element elementor-element-5c491a2 e-flex e-con-boxed e-con e-parent\" data-id=\"5c491a2\" data-element_type=\"container\">\n\t\t\t\t\t<div class=\"e-con-inner\">\n\t\t<div class=\"elementor-element elementor-element-a2dad69 e-con-full e-flex e-con e-child\" data-id=\"a2dad69\" data-element_type=\"container\">\n\t\t\t\t<div class=\"elementor-element elementor-element-845934f elementor-widget elementor-widget-image\" data-id=\"845934f\" data-element_type=\"widget\" data-widget_type=\"image.default\">\n\t\t\t\t<div class=\"elementor-widget-container\">\n\t\t\t\t\t\t\t\t\t\t<figure class=\"wp-caption\">\n\t\t\t\t\t\t\t\t\t\t\t<a href=\"#\">\n\t\t\t\t\t\t\t<img fetchpriority=\"high\" decoding=\"async\" width=\"600\" height=\"631\" src=\"https:\/\/ernmatbaa.com\/wp-content\/uploads\/2024\/11\/ekonom.jpg\" class=\"attachment-full size-full wp-image-3490\" alt=\"\" srcset=\"https:\/\/ernmatbaa.com\/wp-content\/uploads\/2024\/11\/ekonom.jpg 600w, https:\/\/ernmatbaa.com\/wp-content\/uploads\/2024\/11\/ekonom-285x300.jpg 285w, https:\/\/ernmatbaa.com\/wp-content\/uploads\/2024\/11\/ekonom-200x210.jpg 200w, https:\/\/ernmatbaa.com\/wp-content\/uploads\/2024\/11\/ekonom-100x106.jpg 100w\" sizes=\"(max-width: 600px) 100vw, 600px\" \/>\t\t\t\t\t\t\t\t<\/a>\n\t\t\t\t\t\t\t\t\t\t\t<figcaption class=\"widget-image-caption wp-caption-text\"><\/figcaption>\n\t\t\t\t\t\t\t\t\t\t<\/figure>\n\t\t\t\t\t\t\t<\/div>\n\t\t\t\t<\/div>\n\t\t\t\t<div class=\"elementor-element elementor-element-1aed767 elementor-widget elementor-widget-heading\" data-id=\"1aed767\" data-element_type=\"widget\" data-widget_type=\"heading.default\">\n\t\t\t\t<div class=\"elementor-widget-container\">\n\t\t\t<h6 class=\"elementor-heading-title elementor-size-default\">Polen S\u00fcnnet<\/h6>\t\t<\/div>\n\t\t\t\t<\/div>\n\t\t\t\t<\/div>\n\t\t<div class=\"elementor-element elementor-element-00d8d73 e-con-full e-flex e-con e-child\" data-id=\"00d8d73\" data-element_type=\"container\">\n\t\t\t\t<div class=\"elementor-element elementor-element-e5eb803 elementor-widget elementor-widget-image\" data-id=\"e5eb803\" data-element_type=\"widget\" data-widget_type=\"image.default\">\n\t\t\t\t<div class=\"elementor-widget-container\">\n\t\t\t\t\t\t\t\t\t\t<figure class=\"wp-caption\">\n\t\t\t\t\t\t\t\t\t\t\t<a href=\"#\">\n\t\t\t\t\t\t\t<img fetchpriority=\"high\" decoding=\"async\" width=\"600\" height=\"631\" src=\"https:\/\/ernmatbaa.com\/wp-content\/uploads\/2024\/11\/ekonom.jpg\" class=\"attachment-full size-full wp-image-3490\" alt=\"\" srcset=\"https:\/\/ernmatbaa.com\/wp-content\/uploads\/2024\/11\/ekonom.jpg 600w, https:\/\/ernmatbaa.com\/wp-content\/uploads\/2024\/11\/ekonom-285x300.jpg 285w, https:\/\/ernmatbaa.com\/wp-content\/uploads\/2024\/11\/ekonom-200x210.jpg 200w, https:\/\/ernmatbaa.com\/wp-content\/uploads\/2024\/11\/ekonom-100x106.jpg 100w\" sizes=\"(max-width: 600px) 100vw, 600px\" \/>\t\t\t\t\t\t\t\t<\/a>\n\t\t\t\t\t\t\t\t\t\t\t<figcaption class=\"widget-image-caption wp-caption-text\"><\/figcaption>\n\t\t\t\t\t\t\t\t\t\t<\/figure>\n\t\t\t\t\t\t\t<\/div>\n\t\t\t\t<\/div>\n\t\t\t\t<div class=\"elementor-element elementor-element-5a5e1b3 elementor-widget elementor-widget-heading\" data-id=\"5a5e1b3\" data-element_type=\"widget\" data-widget_type=\"heading.default\">\n\t\t\t\t<div class=\"elementor-widget-container\">\n\t\t\t<h6 class=\"elementor-heading-title elementor-size-default\">Armoni Davetiye<\/h6>\t\t<\/div>\n\t\t\t\t<\/div>\n\t\t\t\t<\/div>\n\t\t<div class=\"elementor-element elementor-element-32de33f e-con-full e-flex e-con e-child\" data-id=\"32de33f\" data-element_type=\"container\">\n\t\t\t\t<div class=\"elementor-element elementor-element-c604e78 elementor-widget elementor-widget-image\" data-id=\"c604e78\" data-element_type=\"widget\" data-widget_type=\"image.default\">\n\t\t\t\t<div class=\"elementor-widget-container\">\n\t\t\t\t\t\t\t\t\t\t<figure class=\"wp-caption\">\n\t\t\t\t\t\t\t\t\t\t\t<a href=\"#\">\n\t\t\t\t\t\t\t<img fetchpriority=\"high\" decoding=\"async\" width=\"600\" height=\"631\" src=\"https:\/\/ernmatbaa.com\/wp-content\/uploads\/2024\/11\/ekonom.jpg\" class=\"attachment-full size-full wp-image-3490\" alt=\"\" srcset=\"https:\/\/ernmatbaa.com\/wp-content\/uploads\/2024\/11\/ekonom.jpg 600w, https:\/\/ernmatbaa.com\/wp-content\/uploads\/2024\/11\/ekonom-285x300.jpg 285w, https:\/\/ernmatbaa.com\/wp-content\/uploads\/2024\/11\/ekonom-200x210.jpg 200w, https:\/\/ernmatbaa.com\/wp-content\/uploads\/2024\/11\/ekonom-100x106.jpg 100w\" sizes=\"(max-width: 600px) 100vw, 600px\" \/>\t\t\t\t\t\t\t\t<\/a>\n\t\t\t\t\t\t\t\t\t\t\t<figcaption class=\"widget-image-caption wp-caption-text\"><\/figcaption>\n\t\t\t\t\t\t\t\t\t\t<\/figure>\n\t\t\t\t\t\t\t<\/div>\n\t\t\t\t<\/div>\n\t\t\t\t<div class=\"elementor-element elementor-element-3d0a525 elementor-widget elementor-widget-heading\" data-id=\"3d0a525\" data-element_type=\"widget\" data-widget_type=\"heading.default\">\n\t\t\t\t<div class=\"elementor-widget-container\">\n\t\t\t<h6 class=\"elementor-heading-title elementor-size-default\">\u0130klim Davetiye<\/h6>\t\t<\/div>\n\t\t\t\t<\/div>\n\t\t\t\t<\/div>\n\t\t<div class=\"elementor-element elementor-element-4b5ad8a e-con-full e-flex e-con e-child\" data-id=\"4b5ad8a\" data-element_type=\"container\">\n\t\t\t\t<div class=\"elementor-element elementor-element-a90064b elementor-widget elementor-widget-image\" data-id=\"a90064b\" data-element_type=\"widget\" data-widget_type=\"image.default\">\n\t\t\t\t<div class=\"elementor-widget-container\">\n\t\t\t\t\t\t\t\t\t\t<figure class=\"wp-caption\">\n\t\t\t\t\t\t\t\t\t\t\t<a href=\"#\">\n\t\t\t\t\t\t\t<img fetchpriority=\"high\" decoding=\"async\" width=\"600\" height=\"631\" src=\"https:\/\/ernmatbaa.com\/wp-content\/uploads\/2024\/11\/ekonom.jpg\" class=\"attachment-full size-full wp-image-3490\" alt=\"\" srcset=\"https:\/\/ernmatbaa.com\/wp-content\/uploads\/2024\/11\/ekonom.jpg 600w, https:\/\/ernmatbaa.com\/wp-content\/uploads\/2024\/11\/ekonom-285x300.jpg 285w, https:\/\/ernmatbaa.com\/wp-content\/uploads\/2024\/11\/ekonom-200x210.jpg 200w, https:\/\/ernmatbaa.com\/wp-content\/uploads\/2024\/11\/ekonom-100x106.jpg 100w\" sizes=\"(max-width: 600px) 100vw, 600px\" \/>\t\t\t\t\t\t\t\t<\/a>\n\t\t\t\t\t\t\t\t\t\t\t<figcaption class=\"widget-image-caption wp-caption-text\"><\/figcaption>\n\t\t\t\t\t\t\t\t\t\t<\/figure>\n\t\t\t\t\t\t\t<\/div>\n\t\t\t\t<\/div>\n\t\t\t\t<div class=\"elementor-element elementor-element-f3b0d79 elementor-widget elementor-widget-heading\" data-id=\"f3b0d79\" data-element_type=\"widget\" data-widget_type=\"heading.default\">\n\t\t\t\t<div class=\"elementor-widget-container\">\n\t\t\t<h6 class=\"elementor-heading-title elementor-size-default\">Emniyet Davetiye<\/h6>\t\t<\/div>\n\t\t\t\t<\/div>\n\t\t\t\t<\/div>\n\t\t\t\t\t<\/div>\n\t\t\t\t<\/div>\n\t\t<div class=\"elementor-element elementor-element-13518e2 e-flex e-con-boxed e-con e-parent\" data-id=\"13518e2\" data-element_type=\"container\">\n\t\t\t\t\t<div class=\"e-con-inner\">\n\t\t<div class=\"elementor-element elementor-element-7f5f473 e-con-full e-flex e-con e-child\" data-id=\"7f5f473\" data-element_type=\"container\">\n\t\t\t\t<div class=\"elementor-element elementor-element-37b4c1f elementor-widget elementor-widget-image\" data-id=\"37b4c1f\" data-element_type=\"widget\" data-widget_type=\"image.default\">\n\t\t\t\t<div class=\"elementor-widget-container\">\n\t\t\t\t\t\t\t\t\t\t<figure class=\"wp-caption\">\n\t\t\t\t\t\t\t\t\t\t\t<a href=\"#\">\n\t\t\t\t\t\t\t<img fetchpriority=\"high\" decoding=\"async\" width=\"600\" height=\"631\" src=\"https:\/\/ernmatbaa.com\/wp-content\/uploads\/2024\/11\/ekonom.jpg\" class=\"attachment-full size-full wp-image-3490\" alt=\"\" srcset=\"https:\/\/ernmatbaa.com\/wp-content\/uploads\/2024\/11\/ekonom.jpg 600w, https:\/\/ernmatbaa.com\/wp-content\/uploads\/2024\/11\/ekonom-285x300.jpg 285w, https:\/\/ernmatbaa.com\/wp-content\/uploads\/2024\/11\/ekonom-200x210.jpg 200w, https:\/\/ernmatbaa.com\/wp-content\/uploads\/2024\/11\/ekonom-100x106.jpg 100w\" sizes=\"(max-width: 600px) 100vw, 600px\" \/>\t\t\t\t\t\t\t\t<\/a>\n\t\t\t\t\t\t\t\t\t\t\t<figcaption class=\"widget-image-caption wp-caption-text\"><\/figcaption>\n\t\t\t\t\t\t\t\t\t\t<\/figure>\n\t\t\t\t\t\t\t<\/div>\n\t\t\t\t<\/div>\n\t\t\t\t<div class=\"elementor-element elementor-element-d5136ad elementor-widget elementor-widget-heading\" data-id=\"d5136ad\" data-element_type=\"widget\" data-widget_type=\"heading.default\">\n\t\t\t\t<div class=\"elementor-widget-container\">\n\t\t\t<h6 class=\"elementor-heading-title elementor-size-default\">Ela Davetiye<\/h6>\t\t<\/div>\n\t\t\t\t<\/div>\n\t\t\t\t<\/div>\n\t\t<div class=\"elementor-element elementor-element-910db70 e-con-full e-flex e-con e-child\" data-id=\"910db70\" data-element_type=\"container\">\n\t\t\t\t<div class=\"elementor-element elementor-element-07fdfe2 elementor-widget elementor-widget-image\" data-id=\"07fdfe2\" data-element_type=\"widget\" data-widget_type=\"image.default\">\n\t\t\t\t<div class=\"elementor-widget-container\">\n\t\t\t\t\t\t\t\t\t\t<figure class=\"wp-caption\">\n\t\t\t\t\t\t\t\t\t\t\t<a href=\"#\">\n\t\t\t\t\t\t\t<img fetchpriority=\"high\" decoding=\"async\" width=\"600\" height=\"631\" src=\"https:\/\/ernmatbaa.com\/wp-content\/uploads\/2024\/11\/ekonom.jpg\" class=\"attachment-full size-full wp-image-3490\" alt=\"\" srcset=\"https:\/\/ernmatbaa.com\/wp-content\/uploads\/2024\/11\/ekonom.jpg 600w, https:\/\/ernmatbaa.com\/wp-content\/uploads\/2024\/11\/ekonom-285x300.jpg 285w, https:\/\/ernmatbaa.com\/wp-content\/uploads\/2024\/11\/ekonom-200x210.jpg 200w, https:\/\/ernmatbaa.com\/wp-content\/uploads\/2024\/11\/ekonom-100x106.jpg 100w\" sizes=\"(max-width: 600px) 100vw, 600px\" \/>\t\t\t\t\t\t\t\t<\/a>\n\t\t\t\t\t\t\t\t\t\t\t<figcaption class=\"widget-image-caption wp-caption-text\"><\/figcaption>\n\t\t\t\t\t\t\t\t\t\t<\/figure>\n\t\t\t\t\t\t\t<\/div>\n\t\t\t\t<\/div>\n\t\t\t\t<div class=\"elementor-element elementor-element-8d90655 elementor-widget elementor-widget-heading\" data-id=\"8d90655\" data-element_type=\"widget\" data-widget_type=\"heading.default\">\n\t\t\t\t<div class=\"elementor-widget-container\">\n\t\t\t<h6 class=\"elementor-heading-title elementor-size-default\">Elite Davetiye<\/h6>\t\t<\/div>\n\t\t\t\t<\/div>\n\t\t\t\t<\/div>\n\t\t<div class=\"elementor-element elementor-element-67b618b e-con-full e-flex e-con e-child\" data-id=\"67b618b\" data-element_type=\"container\">\n\t\t\t\t<div class=\"elementor-element elementor-element-c260775 elementor-widget elementor-widget-image\" data-id=\"c260775\" data-element_type=\"widget\" data-widget_type=\"image.default\">\n\t\t\t\t<div class=\"elementor-widget-container\">\n\t\t\t\t\t\t\t\t\t\t<figure class=\"wp-caption\">\n\t\t\t\t\t\t\t\t\t\t<img decoding=\"async\" width=\"595\" height=\"634\" src=\"https:\/\/ernmatbaa.com\/wp-content\/uploads\/2024\/11\/d-1.jpg\" class=\"attachment-full size-full wp-image-3486\" alt=\"\" srcset=\"https:\/\/ernmatbaa.com\/wp-content\/uploads\/2024\/11\/d-1.jpg 595w, https:\/\/ernmatbaa.com\/wp-content\/uploads\/2024\/11\/d-1-282x300.jpg 282w, https:\/\/ernmatbaa.com\/wp-content\/uploads\/2024\/11\/d-1-200x213.jpg 200w, https:\/\/ernmatbaa.com\/wp-content\/uploads\/2024\/11\/d-1-100x106.jpg 100w\" sizes=\"(max-width: 595px) 100vw, 595px\" \/>\t\t\t\t\t\t\t\t\t\t\t<figcaption class=\"widget-image-caption wp-caption-text\"><\/figcaption>\n\t\t\t\t\t\t\t\t\t\t<\/figure>\n\t\t\t\t\t\t\t<\/div>\n\t\t\t\t<\/div>\n\t\t\t\t<div class=\"elementor-element elementor-element-cfd9dd6 elementor-widget elementor-widget-heading\" data-id=\"cfd9dd6\" data-element_type=\"widget\" data-widget_type=\"heading.default\">\n\t\t\t\t<div class=\"elementor-widget-container\">\n\t\t\t<h6 class=\"elementor-heading-title elementor-size-default\">Ki\u015fiye \u00d6zel Davetiye<\/h6>\t\t<\/div>\n\t\t\t\t<\/div>\n\t\t\t\t<\/div>\n\t\t<div class=\"elementor-element elementor-element-2f5713f e-con-full e-flex e-con e-child\" data-id=\"2f5713f\" data-element_type=\"container\">\n\t\t\t\t<\/div>\n\t\t\t\t\t<\/div>\n\t\t\t\t<\/div>\n\t\t\t\t<\/div>\n\t\t","protected":false},"excerpt":{"rendered":"<p>ERN Matbaa Davetiye Erdem Davetiye Ekonom Davetiye Erdem S\u00fcnnet Polen Davetiye Polen S\u00fcnnet Armoni Davetiye \u0130klim Davetiye Emniyet Davetiye Ela Davetiye Elite Davetiye Ki\u015fiye \u00d6zel Davetiye<\/p>\n","protected":false},"author":1,"featured_media":0,"parent":0,"menu_order":0,"comment_status":"closed","ping_status":"closed","template":"template-builder.php","meta":{"footnotes":""},"class_list":["post-3353","page","type-page","status-publish","hentry"],"_links":{"self":[{"href":"https:\/\/ernmatbaa.com\/index.php?rest_route=\/wp\/v2\/pages\/3353","targetHints":{"allow":["GET"]}}],"collection":[{"href":"https:\/\/ernmatbaa.com\/index.php?rest_route=\/wp\/v2\/pages"}],"about":[{"href":"https:\/\/ernmatbaa.com\/index.php?rest_route=\/wp\/v2\/types\/page"}],"author":[{"embeddable":true,"href":"https:\/\/ernmatbaa.com\/index.php?rest_route=\/wp\/v2\/users\/1"}],"replies":[{"embeddable":true,"href":"https:\/\/ernmatbaa.com\/index.php?rest_route=%2Fwp%2Fv2%2Fcomments&post=3353"}],"version-history":[{"count":10,"href":"https:\/\/ernmatbaa.com\/index.php?rest_route=\/wp\/v2\/pages\/3353\/revisions"}],"predecessor-version":[{"id":3493,"href":"https:\/\/ernmatbaa.com\/index.php?rest_route=\/wp\/v2\/pages\/3353\/revisions\/3493"}],"wp:attachment":[{"href":"https:\/\/ernmatbaa.com\/index.php?rest_route=%2Fwp%2Fv2%2Fmedia&parent=3353"}],"curies":[{"name":"wp","href":"https:\/\/api.w.org\/{rel}","templated":true}]}}